s - s - 2. Let j be h(6). Let m = j + 3. What is the units digit of m?
1
Suppose 2*i + 34 = 4*u, -4*u + 3*i + 39 = -0*i. What is the units digit of u?
6
Suppose 0 = -2*w + 147 - 115. What is the tens digit of w?
1
Let i(n) = -25*n + 1. What is the tens digit of i(-1)?
2
Let k(c) = c + 7. Suppose 0 = -5*v + 2*v. Let x = v + 6. What is the tens digit of k(x)?
1
Let z = 38 + 2. What is the units digit of z?
0
Let h be (-22 - -1) + (-3 - -2). Let p = -30 + 63. Let s = h + p. What is the units digit of s?
1
Let x = -12 + 14. Suppose -4*l + 20 = x*i, -14 - 6 = -4*i + 2*l. What is the units digit of i?
6
Let f = -5 + 8. What is the tens digit of f/(-18) + 875/30?
2
Let y be (-2 + 1)/(5 + -6). Suppose z - y = 1. Suppose -2*h = -z*f - 38, -6 = h + f - 23. What is the tens digit of h?
1
Let f(l) be the second derivative of l**3/6 + 4*l**2 - 2*l. Let m be f(-6). Suppose -3*t + m*t = -12. What is the units digit of t?
2
Let n(u) = -17*u. Suppose -1 = 4*f + 3. Let m be n(f). Let y = 24 - m. What is the units digit of y?
7
Let j = 6 + -9. Let v = j + 9. What is the units digit of v?
6
Let y(d) = 10*d**3 + 7*d**2 + 2*d - 5. Let o(m) = -9*m**3 - 6*m**2 - 2*m + 4. Let x(q) = 6*o(q) + 5*y(q). Let v = -2 - -1. What is the units digit of x(v)?
4
Let i(b) be the first derivative of -b**2/2 + 2*b + 3. Let u be i(-3). Suppose -19 = 3*k - u*v, 1 = -2*k + 4*v - 3*v. What is the units digit of k?
2
Let u(h) = h**3 - 3*h**2 + 3*h - 2. Let r be u(2). Suppose r = -2*l + 20. What is the units digit of l?
0
Suppose -105 = 6*g - 387. What is the tens digit of g?
4
Suppose 0 = 4*a - 5*s - 476, 9*s = 6*s - 12. What is the hundreds digit of a?
1
Suppose -3*r + 6*r + 691 = 2*q, 5*r = 5*q - 1735. What is the hundreds digit of q?
3
Suppose 4*p - 2*l - 172 = l, l - 96 = -2*p. What is the units digit of p?
6
Suppose -5*k + 10 = 0, 0 = b - 6*b - 4*k + 33. Suppose 2*t - 66 = -t + b*c, -4*t + 4*c = -80. What is the tens digit of t?
1
What is the units digit of -1 + 5452/60 - (-2)/15?
0
Suppose -2*j - 2 + 14 = 0. Let t(v) = 2*v + 1. What is the tens digit of t(j)?
1
Suppose 4*b - 42 = -3*l - 1, 0 = -2*l - 2. Let z = -11 + b. Suppose -2*d + 30 = -z*d. What is the tens digit of d?
1
Suppose -3*w + 8 = w. Suppose 14 = 4*i - w*i. What is the units digit of i?
7
Suppose -6*q + q + 220 = 5*w, -44 = -w - 4*q. What is the tens digit of w?
4
Let a = -58 - -96. What is the tens digit of a?
3
Suppose -5*h + 2*i = -2, 0 = -2*h + h - 5*i + 22. Suppose 0*a + h*a = 0, 3*a - 28 = -4*o. Let c(v) = v**2 - 8*v + 10. What is the units digit of c(o)?
3
Let z be -2*1/2 - -2. Let u = -4 + z. What is the units digit of 3 + 0 - 3/u?
4
Suppose 2*k - 52 = -2*u + u, -u = 4. What is the units digit of k?
8
Let i = -4 - -2. Let j = 4 + i. What is the units digit of j?
2
Let y = 36 + -26. Let u(j) = j**3 - 11*j**2 + 11*j - 9. What is the units digit of u(y)?
1
Let a = -4 + 10. Suppose -80 = 4*c - a*c. What is the units digit of c?
0
Suppose 0 = -n + 3, -6*g + g + 1744 = -2*n. What is the hundreds digit of g?
3
Let q(u) = 14*u + 40. What is the units digit of q(9)?
6
Let s(a) = -a - 1. Let q be s(-4). Suppose -v - 30 = -q*v. What is the units digit of v?
5
What is the tens digit of ((-32)/12 - -1)*-36?
6
Let k(o) = -o**3 - 5*o**2 + 6*o - 6. Let v be k(-8). Suppose -v = -0*l - 3*l - 5*g, 3*l + 4*g = 135. What is the tens digit of l?
4
Suppose 5*k = -3 - 2. Let o(w) = 5*w**3 + 2*w + 1. Let d be o(k). What is the tens digit of (-12)/(1/(d/4))?
1
Let c(n) = -n**3 + 5*n**2 - n - 4. Let d be c(6). Let u be d/(-6) - 2/(-6). Suppose -3*m + 10 = -u. What is the units digit of m?
6
Suppose d = 2*q - 26, -4*d - 52 = -q - 3*q. Let l = q + -7. What is the units digit of l?
6
Let f(t) = -4*t**3 - t**3 + t**2 - 6*t + 6*t**3 + 3*t**2 - 3. Let n = 8 - 12. What is the tens digit of f(n)?
2
Let j(p) be the first derivative of -p**4/4 - 7*p**3/3 - 4*p**2 - 7*p + 5. What is the units digit of j(-6)?
5
What is the units digit of (-3 + 4 - -35) + -4?
2
Let x = -12 - -30. What is the tens digit of x?
1
Let a = 13 + 57. Suppose -w = -5*h + a, -6 = 2*h - w - 37. What is the units digit of h?
3
Let r be ((-1)/(-2))/(1/(-4)). Let o = -96 - -161. What is the units digit of o/10 + (-1)/r?
7
Let l = 30 - 12. What is the tens digit of l?
1
Suppose 116 = 2*b + 30. Let o = b - 31. What is the units digit of o?
2
Suppose -2*k + 60 = k. Suppose -3*n + k = -n. What is the tens digit of n?
1
Suppose j - 3*q - 277 + 77 = 0, -5*j + 2*q = -1039. What is the units digit of j?
9
Let j = 54 - -99. What is the tens digit of j?
5
Suppose 2*y + 2*r = 12, 3*r - 10 = 2*y - 3*y. Suppose 3*i = -y*a + 26, 4*i + 7*a - 23 = 4*a. What is the units digit of i?
2
Let b be (765/27)/(2/6). Suppose -3*c = -b + 28. What is the tens digit of c?
1
Suppose 0*o - 15 = -5*o. Suppose -o*b - 4*f - 4 = 3, -f = -5*b + 19. Suppose 5*k = -2 - 13, -4*k - 18 = -b*i. What is the units digit of i?
2
Let z = -8 + 8. Suppose -25 = -3*i - 2*i, u + i - 21 = z. What is the units digit of u?
6
Let y = -175 + 357. What is the units digit of y?
2
Suppose 0 = -5*l - r + 29, 2*r + 2*r = -5*l + 41. Suppose 5*w - 30 = l*b, 2*w = -2*w + b + 36. What is the tens digit of w?
1
Let f(o) = 11*o**2 - 2*o. Let m be f(3). What is the tens digit of (-2 + 28/12)*m?
3
Suppose 0 = -2*p + 6*p - 20. What is the units digit of p?
5
Let b be 24/14 - (-6)/21. What is the units digit of 31 + (5 - 4/b)?
4
Let j = -80 - -156. What is the tens digit of j?
7
Suppose -5*c - 10 = -2*i, -5*i - c + 6*c + 10 = 0. Suppose i = -3*d + 13 + 23. What is the units digit of (-2)/(-4) + 162/d?
4
Let l(d) = d**2 - 9*d + 4. Let v be l(9). What is the units digit of ((-7)/v)/(6/(-24))?
7
Suppose -4*f - 12 = j + 2, 0 = -3*j - f + 2. Let o(a) = -5 + 3 + 4*a + 5*a + 4 + a**j. What is the tens digit of o(-10)?
1
Suppose 0*q + 4*q = 40. Let b be -3*(-4)/6 + 0. Suppose 0 = b*m - q - 4. What is the units digit of m?
7
Let h(m) be the second derivative of m**3/6 - 3*m**2/2 - 4*m. What is the units digit of h(11)?
8
Let r(w) = -2*w**3 - 6*w**2 - 6*w - 1. What is the tens digit of r(-3)?
1
What is the units digit of 84/(-10)*285/(-38)?
3
Suppose 4*p - 2*q - 272 = 2*q, 2*p - 5*q = 139. What is the tens digit of p?
6
Let z(j) = j**2 + 7*j + 5. Let s(r) = r**2 + 6*r + 4. Let a(i) = 3*s(i) - 4*z(i). What is the units digit of a(-7)?
3
Suppose z = -2*z. Let i(w) = -w**3 + w**2 + 3. What is the units digit of i(z)?
3
Let v(w) = 4*w**2 + 3*w - 6. Let u(z) = -z**2 - 1. Let s(q) = 3*u(q) + v(q). What is the units digit of s(-8)?
1
Suppose -l + 4*v + 8 = 0, 2*v - 26 = -3*l + l. Let g be (-3)/l - (-3)/(-4). Let f = 7 + g. What is the units digit of f?
6
Let u be ((-14)/(-8))/7*4. Let o be -2 - -2 - (u + 81). What is the units digit of (-14)/(-49) - o/7?
2
Suppose 0*a - 2*a - 108 = -2*p, 2*p - a - 103 = 0. What is the units digit of p?
9
Suppose 5*y + 345 = 8*y. What is the units digit of y?
5
Suppose -3*a + 15 = 2*a. Suppose 2*q + 4 = 2*l + 3*q, 0 = -2*l + a*q + 4. What is the units digit of (0 - 1)/(l/(-16))?
8
Let j(g) = -g + 7. Let u(s) = 1. Let d(f) = j(f) + 4*u(f). What is the units digit of d(8)?
3
Let t be 1*5 - (-9 + 10). Suppose 5*d - 343 = -t*q, -2*q + 258 = q + 3*d. Suppose j + 5*u = 3*j - 21, -5*j = -u - q. What is the units digit of j?
8
What is the units digit of 37/3*(10 + -7)?
7
Let o(m) = 5*m**2 - m - 5. Let x(i) = i**2 - 1. Let z(p) = -o(p) + 6*x(p). What is the units digit of z(2)?
5
Let z be 1/(-2)*4 + 1. What is the units digit of -7 + 8 - (z - 4)?
6
Let t = -55 - -94. What is the units digit of t?
9
Let c = 45 - -27. Let p = c + -51. What is the tens digit of p?
2
Suppose d - 103 - 65 = -2*i, 885 = 5*d + i. What is the units digit of d?
8
Suppose 0 = 5*s - 5*g + 3*g - 30, -2*s + 33 = -5*g. Suppose v = s*v - 36. What is the units digit of v?
2
Let o(x) = 2*x + 2. Let w be o(11). Let u = w - 13. What is the tens digit of u?
1
Let o be -1*(1 - 3 - 5). Suppose -o - 5 = -2*b - 3*m, 5*b - 5*m - 80 = 0. What is the units digit of b?
2
Let u = -1 - -12. What is the units digit of u?
1
Let o be (-4)/14 + 200/14. Suppose 2*w - 2*s = -0*s + 12, 4*s = w + 3. Let j = o - w. What is the units digit of j?
5
Suppose 20 = 3*d - 40. Suppose d = 3*h + 2*h. Suppose 24 = -h*u + 6*u. What is the tens digit of u?
1
Suppose -5*c + 4*m = m - 161, 3 = m. What i